
What is the remainder when 178 is divided by 26?
22
What is the remainder when 942 is divided by 86?
82
What is the remainder when 1141 is divided by 285?
1
What is the remainder when 1975 is divided by 13?
12
Calculate the remainder when 1530 is divided by 21.
18
Calculate the remainder when 394 is divided by 54.
16
What is the remainder when 3195 is divided by 37?
13
Calculate the remainder when 349 is divided by 175.
174
What is the remainder when 56190 is divided by 83?
82
Calculate the remainder when 776 is divided by 19.
16
What is the remainder when 2152 is divided by 6?
4
Calculate the remainder when 1009 is divided by 15.
4
Calculate the remainder when 3080 is divided by 39.
38
Calculate the remainder when 237 is divided by 120.
117
Calculate the remainder when 67 is divided by 66.
1
Calculate the remainder when 349 is divided by 121.
107
Calculate the remainder when 499 is divided by 235.
29
Calculate the remainder when 233 is divided by 62.
47
Calculate the remainder when 16824 is divided by 94.
92
Calculate the remainder when 59 is divided by 6.
5
Calculate the remainder when 29 is divided by 8.
5
Calculate the remainder when 10 is divided by 4.
2
Calculate the remainder when 51 is divided by 8.
3
Calculate the remainder when 136 is divided by 12.
4
What is the remainder when 7216 is divided by 9?
7
What is the remainder when 750 is divided by 134?
80
Calculate the remainder when 3102 is divided by 84.
78
Calculate the remainder when 133 is divided by 54.
25
What is the remainder when 1622 is divided by 181?
174
Calculate the remainder when 388 is divided by 30.
28
Calculate the remainder when 57 is divided by 13.
5
What is the remainder when 3911 is divided by 163?
162
What is the remainder when 2691 is divided by 134?
11
Calculate the remainder when 762 is divided by 52.
34
Calculate the remainder when 2631 is divided by 874.
9
What is the remainder when 960 is divided by 2?
0
Calculate the remainder when 7911 is divided by 8.
7
What is the remainder when 103 is divided by 70?
33
What is the remainder when 5109 is divided by 213?
210
What is the remainder when 50 is divided by 30?
20
What is the remainder when 432 is divided by 47?
9
What is the remainder when 483 is divided by 76?
27
What is the remainder when 587 is divided by 19?
17
What is the remainder when 174 is divided by 5?
4
What is the remainder when 1047 is divided by 34?
27
What is the remainder when 103 is divided by 22?
15
What is the remainder when 4243 is divided by 24?
19
What is the remainder when 441 is divided by 77?
56
What is the remainder when 1121 is divided by 30?
11
What is the remainder when 93 is divided by 23?
1
Calculate the remainder when 455 is divided by 135.
50
Calculate the remainder when 650 is divided by 130.
0
What is the remainder when 109 is divided by 36?
1
What is the remainder when 772 is divided by 111?
106
What is the remainder when 110 is divided by 32?
14
Calculate the remainder when 246 is divided by 18.
12
Calculate the remainder when 336 is divided by 36.
12
What is the remainder when 7438 is divided by 93?
91
What is the remainder when 245 is divided by 71?
32
What is the remainder when 921 is divided by 15?
6
Calculate the remainder when 208 is divided by 53.
49
Calculate the remainder when 2779 is divided by 107.
104
Calculate the remainder when 8108 is divided by 369.
359
Calculate the remainder when 5673 is divided by 17.
12
What is the remainder when 91 is divided by 85?
6
Calculate the remainder when 259 is divided by 65.
64
Calculate the remainder when 2995 is divided by 335.
315
Calculate the remainder when 98 is divided by 35.
28
Calculate the remainder when 24936 is divided by 17.
14
Calculate the remainder when 159 is divided by 80.
79
Calculate the remainder when 2959 is divided by 211.
5
Calculate the remainder when 786 is divided by 179.
70
Calculate the remainder when 62 is divided by 23.
16
Calculate the remainder when 122 is divided by 17.
3
What is the remainder when 287 is divided by 41?
0
What is the remainder when 386 is divided by 163?
60
What is the remainder when 66 is divided by 23?
20
What is the remainder when 69 is divided by 32?
5
Calculate the remainder when 2042 is divided by 1016.
10
Calculate the remainder when 844 is divided by 202.
36
What is the remainder when 857 is divided by 425?
7
Calculate the remainder when 13726 is divided by 352.
350
What is the remainder when 103 is divided by 14?
5
What is the remainder when 81 is divided by 33?
15
Calculate the remainder when 359 is divided by 91.
86
Calculate the remainder when 308 is divided by 31.
29
What is the remainder when 63 is divided by 9?
0
Calculate the remainder when 459 is divided by 46.
45
Calculate the remainder when 232 is divided by 215.
17
Calculate the remainder when 2604 is divided by 262.
246
What is the remainder when 36 is divided by 12?
0
Calculate the remainder when 318 is divided by 11.
10
Calculate the remainder when 180 is divided by 61.
58
Calculate the remainder when 93 is divided by 52.
41
Calculate the remainder when 135 is divided by 3.
0
What is the remainder when 69672 is divided by 193?
192
What is the remainder when 51 is divided by 24?
3
What is the remainder when 669 is divided by 52?
45
Calculate the remainder when 210 is divided by 45.
30
What is the remainder when 80 is divided by 42?
38
Calculate the remainder when 161 is divided by 54.
53
What is the remainder when 671 is divided by 108?
23
Calculate the remainder when 758 is divided by 66.
32
What is the remainder when 85 is divided by 32?
21
Calculate the remainder when 948 is divided by 310.
18
What is the remainder when 19 is divided by 10?
9
What is the remainder when 11344 is divided by 122?
120
What is the remainder when 1582 is divided by 69?
64
What is the remainder when 241 is divided by 227?
14
Calculate the remainder when 246 is divided by 19.
18
Calculate the remainder when 2051 is divided by 591.
278
Calculate the remainder when 14273 is divided by 122.
121
What is the remainder when 5545 is divided by 47?
46
Calculate the remainder when 189 is divided by 10.
9
What is the remainder when 125 is divided by 55?
15
Calculate the remainder when 367 is divided by 116.
19
Calculate the remainder when 272 is divided by 133.
6
What is the remainder when 4837 is divided by 7?
0
What is the remainder when 1185 is divided by 132?
129
What is the remainder when 921 is divided by 42?
39
Calculate the remainder when 195 is divided by 10.
5
Calculate the remainder when 18275 is divided by 49.
47
What is the remainder when 341 is divided by 95?
56
What is the remainder when 81 is divided by 14?
11
What is the remainder when 1376 is divided by 197?
194
What is the remainder when 2876 is divided by 63?
41
Calculate the remainder when 663 is divided by 23.
19
Calculate the remainder when 185 is divided by 94.
91
What is the remainder when 4481 is divided by 102?
95
What is the remainder when 908 is divided by 9?
8
What is the remainder when 3995 is divided by 570?
5
Calculate the remainder when 103 is divided by 87.
16
Calculate the remainder when 290 is divided by 49.
45
Calculate the remainder when 945 is divided by 79.
76
Calculate the remainder when 162 is divided by 56.
50
Calculate the remainder when 1284 is divided by 68.
60
What is the remainder when 65 is divided by 38?
27
What is the remainder when 26 is divided by 11?
4
Calculate the remainder when 665 is divided by 159.
29
What is the remainder when 15 is divided by 5?
0
Calculate the remainder when 1797 is divided by 6.
3
What is the remainder when 146 is divided by 42?
20
What is the remainder when 50 is divided by 13?
11
Calculate the remainder when 188 is divided by 8.
4
What is the remainder when 1024 is divided by 114?
112
Calculate the remainder when 276 is divided by 14.
10
Calculate the remainder when 123 is divided by 20.
3
Calculate the remainder when 978 is divided by 14.
12
Calculate the remainder when 407 is divided by 17.
16
What is the remainder when 96 is divided by 27?
15
Calculate the remainder when 357 is divided by 36.
33
What is the remainder when 1129 is divided by 10?
9
Calculate the remainder when 1278 is divided by 328.
294
Calculate the remainder when 480 is divided